1
What are the prime factors of 1374630?
2, 3, 5, 45821
List the prime factors of 838006439.
1861, 450299
List the prime factors of 665509329.
3, 61, 1212221
List the prime factors of 15694415.
5, 11, 67, 4259
What are the prime factors of 609987160?
2, 5, 29, 691, 761
What are the prime factors of 414095313?
3, 138031771
What are the prime factors of 196723812?
2, 3, 1699, 9649
List the prime factors of 862587485.
5, 172517497
What are the prime factors of 61808576?
2, 965759
List the prime factors of 2533354049.
53, 47799133
What are the prime factors of 335198797?
7243, 46279
List the prime factors of 99443617.
7, 13, 151, 7237
List the prime factors of 12041677.
43, 97, 2887
List the prime factors of 112834319.
13, 2131, 4073
List the prime factors of 4428278008.
2, 7, 11, 79, 90997
What are the prime factors of 127300121?
13, 41, 238837
List the prime factors of 1762832484.
2, 3, 7, 31, 25073
What are the prime factors of 2088737676?
2, 3, 58020491
List the prime factors of 29258787.
3, 9752929
List the prime factors of 2014968207.
3, 7, 283, 339049
What are the prime factors of 365809946?
2, 331, 552583
List the prime factors of 105264578.
2, 17, 3096017
What are the prime factors of 92536735?
5, 179, 103393
What are the prime factors of 67912797?
3, 37, 611827
What are the prime factors of 119545269?
3, 31, 59, 21787
List the prime factors of 200867736.
2, 3, 8369489
What are the prime factors of 32155609?
523, 61483
What are the prime factors of 91904643?
3, 10211627
List the prime factors of 114886377.
3, 47, 90533
List the prime factors of 1669219.
1669219
What are the prime factors of 178601089?
178601089
List the prime factors of 120829623.
3, 40276541
What are the prime factors of 21137076?
2, 3, 97, 6053
List the prime factors of 382186625.
5, 41, 74573
What are the prime factors of 1367138206?
2, 7, 59, 1655131
What are the prime factors of 7847344?
2, 490459
What are the prime factors of 28204456?
2, 7, 89, 5659
List the prime factors of 3479543850.
2, 3, 5, 17, 31, 44017
What are the prime factors of 336391278?
2, 3, 56065213
What are the prime factors of 20651869?
7, 2950267
What are the prime factors of 22312466?
2, 11, 17, 59659
What are the prime factors of 38582306?
2, 7, 393697
List the prime factors of 101013831.
3, 3741253
What are the prime factors of 434904692?
2, 108726173
What are the prime factors of 118888606?
2, 863, 68881
What are the prime factors of 1320683081?
59, 3001, 7459
List the prime factors of 31512695.
5, 6302539
What are the prime factors of 4539702?
2, 3, 31, 24407
What are the prime factors of 27383844?
2, 3, 2281987
List the prime factors of 71054772.
2, 3, 5921231
List the prime factors of 280470176.
2, 7, 41, 30539
List the prime factors of 1890842429.
7, 38588621
What are the prime factors of 1349634034?
2, 7, 43, 2241917
List the prime factors of 2196768456.
2, 3, 23, 1326551
List the prime factors of 379772703.
3, 19, 2220893
List the prime factors of 15521722.
2, 37, 5669
List the prime factors of 161553033.
3, 59, 367, 829
What are the prime factors of 84003862?
2, 31, 1354901
What are the prime factors of 248309951?
248309951
What are the prime factors of 32652153?
3, 134371
What are the prime factors of 2042117578?
2, 1021058789
List the prime factors of 117085925.
5, 11, 541, 787
What are the prime factors of 320842219?
31, 103, 100483
What are the prime factors of 132895608?
2, 3, 5537317
List the prime factors of 44095979.
19, 29, 191, 419
List the prime factors of 3481202.
2, 643, 2707
What are the prime factors of 42922964?
2, 7, 1532963
What are the prime factors of 1095138303?
3, 7, 52149443
What are the prime factors of 37067512?
2, 4633439
List the prime factors of 1135917718.
2, 13, 127, 463, 743
List the prime factors of 1852060295.
5, 1373, 269783
List the prime factors of 246046753.
359, 685367
List the prime factors of 4534340314.
2, 7, 323881451
List the prime factors of 35135859.
3, 11, 43, 2251
What are the prime factors of 71138052?
2, 3, 19, 104003
What are the prime factors of 51297217?
6857, 7481
List the prime factors of 585403716.
2, 3, 149, 327407
List the prime factors of 141685014.
2, 3, 19, 23, 54037
List the prime factors of 22583484.
2, 3, 7, 11, 8147
List the prime factors of 347848633.
11, 41, 771283
What are the prime factors of 111122727?
3, 17, 2178877
What are the prime factors of 144617903?
144617903
List the prime factors of 34699961.
499, 69539
List the prime factors of 42667013.
151, 282563
List the prime factors of 112209627.
3, 157, 238237
List the prime factors of 470243607.
3, 156747869
What are the prime factors of 34030806?
2, 3, 5671801
List the prime factors of 348776025.
3, 5, 13, 23, 103, 151
List the prime factors of 237101275.
5, 67, 353, 401
What are the prime factors of 717942845?
5, 101, 1421669
List the prime factors of 3016888642.
2, 1508444321
What are the prime factors of 197691784?
2, 89, 277657
List the prime factors of 1680804312.
2, 3, 11, 6366683
What are the prime factors of 65269948?
2, 1997, 8171
What are the prime factors of 849163184?
2, 53072699
List the prime factors of 5281542.
2, 3, 7, 167, 251
What are the prime factors of 691044575?
5, 13, 709, 2999
List the prime factors of 85622635.
5, 7, 661, 3701
List the prime factors of 64166605.
5, 71, 180751
What are the prime factors of 750948273?
3, 27812899
List the prime factors of 4544156616.
2, 3, 1009, 187651
What are the prime factors of 120222762?
2, 3, 11, 53, 34369
List the prime factors of 215688463.
215688463
What are the prime factors of 23633099?
7, 59, 57223
List the prime factors of 306086107.
401, 763307
List the prime factors of 6983047.
37, 79, 2389
List the prime factors of 36596319.
3, 12198773
List the prime factors of 314710325.
5, 79, 159347
What are the prime factors of 1286069632?
2, 41, 269, 911
List the prime factors of 48253576.
2, 7, 107, 8053
What are the prime factors of 598653241?
47, 67, 151, 1259
List the prime factors of 46534988.
2, 103, 179, 631
List the prime factors of 1122440220.
2, 3, 5, 11, 233, 811
List the prime factors of 6889717922.
2, 5279, 652559
What are the prime factors of 377232797?
37, 3083, 3307
List the prime factors of 3312991.
11, 301181
What are the prime factors of 59837446?
2, 59, 349, 1453
List the prime factors of 27780526.
2, 31, 448073
List the prime factors of 1233158708.
2, 23, 647, 20717
What are the prime factors of 672365344?
2, 7, 3001631
List the prime factors of 300626636.
2, 75156659
What are the prime factors of 2674894197?
3, 179, 1217, 4093
List the prime factors of 167196092.
2, 7, 277, 21557
What are the prime factors of 4643926230?
2, 3, 5, 19, 557, 14627
List the prime factors of 7455062.
2, 113, 32987
List the prime factors of 144028856.
2, 18003607
List the prime factors of 18588594.
2, 3, 29, 47, 2273
List the prime factors of 12553089.
3, 17, 47, 5237
List the prime factors of 187735701.
3, 251, 249317
What are the prime factors of 1500674017?
19, 78982843
What are the prime factors of 456824832?
2, 3, 74353
List the prime factors of 2889560311.
11, 23, 43, 151, 1759
List the prime factors of 309003807.
3, 7, 14714467
What are the prime factors of 1241268794?
2, 251, 431, 5737
List the prime factors of 939660004.
2, 971, 241931
What are the prime factors of 7353248767?
19, 387013093
List the prime factors of 101824646.
2, 7, 11, 31, 277
What are the prime factors of 146035704?
2, 3, 2273, 2677
List the prime factors of 366806260.
2, 5, 31, 591623
What are the prime factors of 2507294960?
2, 5, 127, 246781
What are the prime factors of 942962531?
7, 503, 267811
List the prime factors of 3859198159.
17989, 214531
List the prime factors of 4897949.
7, 37, 18911
List the prime factors of 3454795432.
2, 11, 163, 240853
What are the prime factors of 195407981?
2081, 93901
List the prime factors of 314677613.
479, 547, 1201
What are the prime factors of 63123288?
2, 3, 61, 43117
List the prime factors of 26846118.
2, 3, 13, 47, 2441
List the prime factors of 67697632.
2, 1069, 1979
What are the prime factors of 77535038?
2, 7, 29, 353, 541
List the prime factors of 3693158294.
2, 7, 29, 71, 128119
List the prime factors of 416981385.
3, 5, 971, 3181
What are the prime factors of 393385377?
3